{"id":2800,"date":"2025-06-27T13:20:42","date_gmt":"2025-06-27T11:20:42","guid":{"rendered":"https:\/\/theatredufil.fr\/?page_id=2800"},"modified":"2025-06-27T13:37:26","modified_gmt":"2025-06-27T11:37:26","slug":"spectacles-tout-public","status":"publish","type":"page","link":"https:\/\/theatredufil.fr\/index.php\/spectacles-tout-public\/","title":{"rendered":"spectacles tout public"},"content":{"rendered":"\n<p class=\"has-text-align-center\">Le Th\u00e9\u00e2tre du Fil d\u00e9fend avant tout&nbsp;<mark style=\"background-color:rgba(0, 0, 0, 0)\" class=\"has-inline-color has-bg-3-color\">un th\u00e9\u00e2tre populaire tourn\u00e9 vers les probl\u00e9matiques soci\u00e9tales contemporaines<\/mark><strong>&nbsp;<\/strong>dans lequelles il est n\u00e9.<\/p>\n\n\n\n<p class=\"has-text-align-center\"><mark style=\"background-color:rgba(0, 0, 0, 0)\" class=\"has-inline-color has-bg-3-color\">Textes classiques, contemporains et cr\u00e9ations originales<\/mark>.. &nbsp;Nous venons \u00e0 votre rencontre charg\u00e9s de nos histoires, offertes sur un plateau.<\/p>\n\n\n\n<div style=\"height:20px\" aria-hidden=\"true\" class=\"wp-block-spacer\"><\/div>\n\n\n\n<div class=\"wp-block-media-text has-media-on-the-right is-stacked-on-mobile is-image-fill-element has-border-color has-bg-3-border-color\" style=\"border-width:28px;grid-template-columns:auto 35%\"><div class=\"wp-block-media-text__content\">\n<h2 class=\"wp-block-heading\"><strong><mark style=\"background-color:rgba(0, 0, 0, 0)\" class=\"has-inline-color has-bg-3-color\">LES MYSTERES DE PARIS <\/mark><\/strong><\/h2>\n\n\n\n<p><mark style=\"background-color:rgba(0, 0, 0, 0)\" class=\"has-inline-color has-bg-3-color\">Cr\u00e9ation originale du THEATRE DU FIL \u2013 d\u2019apr\u00e8s le roman d\u2019EUGENE SUE<\/mark><\/p>\n\n\n\n<p>\u00ab&nbsp;Secourir d\u2019honorables infortun\u00e9s qui se plaignent, c\u2019est bien. Pr\u00e9venir \u00e0 temps la mis\u00e8re ou les tentations qui m\u00e8nent au crime, c\u2019est mieux.&nbsp;\u00bb \u2013 Les Myst\u00e8res de Paris, juin 1842, Eug\u00e8ne SUE.<\/p>\n\n\n\n<div class=\"wp-block-buttons is-layout-flex wp-block-buttons-is-layout-flex\">\n<div class=\"wp-block-button\"><a class=\"wp-block-button__link wp-element-button\" href=\"https:\/\/theatredufil.fr\/index.php\/les-mysteres-de-paris\/\">Plus d&rsquo;informations ici !<\/a><\/div>\n<\/div>\n\n\n\n<div style=\"height:15px\" aria-hidden=\"true\" class=\"wp-block-spacer\"><\/div>\n<\/div><figure class=\"wp-block-media-text__media\"><a href=\"https:\/\/theatredufil.fr\/index.php\/les-mysteres-de-paris\/\"><img loading=\"lazy\" decoding=\"async\" width=\"1024\" height=\"867\" src=\"http:\/\/theatredufil.fr\/wp-content\/uploads\/2024\/09\/0da006d5-8017-4e32-9651-98ec2e7ce40e-1-1024x867.jpg\" alt=\"\" class=\"wp-image-2777 size-full\" style=\"object-position:50% 50%\" srcset=\"https:\/\/theatredufil.fr\/wp-content\/uploads\/2024\/09\/0da006d5-8017-4e32-9651-98ec2e7ce40e-1-1024x867.jpg 1024w, https:\/\/theatredufil.fr\/wp-content\/uploads\/2024\/09\/0da006d5-8017-4e32-9651-98ec2e7ce40e-1-300x254.jpg 300w, https:\/\/theatredufil.fr\/wp-content\/uploads\/2024\/09\/0da006d5-8017-4e32-9651-98ec2e7ce40e-1-768x651.jpg 768w, https:\/\/theatredufil.fr\/wp-content\/uploads\/2024\/09\/0da006d5-8017-4e32-9651-98ec2e7ce40e-1.jpg 1040w\" sizes=\"auto, (max-width: 1024px) 100vw, 1024px\" \/><\/a><\/figure><\/div>\n\n\n\n<div style=\"height:20px\" aria-hidden=\"true\" class=\"wp-block-spacer\"><\/div>\n\n\n\n<div class=\"wp-block-media-text has-media-on-the-right is-stacked-on-mobile is-image-fill-element has-border-color has-bg-3-border-color\" style=\"border-width:28px;grid-template-columns:auto 35%\"><div class=\"wp-block-media-text__content\">\n<h2 class=\"wp-block-heading\"><strong><mark style=\"background-color:rgba(0, 0, 0, 0)\" class=\"has-inline-color has-bg-3-color\">KING LE ROUGE<\/mark><\/strong><\/h2>\n\n\n\n<p><mark style=\"background-color:rgba(0, 0, 0, 0)\" class=\"has-inline-color has-bg-3-color\">Cr\u00e9ation originale du Th\u00e9\u00e2tre du Fil &#8211; par Nassim SAID HAMADI<\/mark><\/p>\n\n\n\n<p>Au Royaume des Terres Neutres, KING est roi. Il donne un bal et cherche l\u2019Amour. \u201cTout va donc pour le mieux dans le meilleur des mondes\u201d.<\/p>\n\n\n\n<div class=\"wp-block-buttons is-layout-flex wp-block-buttons-is-layout-flex\">\n<div class=\"wp-block-button\"><a class=\"wp-block-button__link wp-element-button\" href=\"https:\/\/theatredufil.fr\/index.php\/king\/\">Plus d&rsquo;informations ici !<\/a><\/div>\n<\/div>\n\n\n\n<div style=\"height:15px\" aria-hidden=\"true\" class=\"wp-block-spacer\"><\/div>\n<\/div><figure class=\"wp-block-media-text__media\"><a href=\"https:\/\/theatredufil.fr\/index.php\/king\/\"><img loading=\"lazy\" decoding=\"async\" width=\"768\" height=\"1024\" src=\"http:\/\/theatredufil.fr\/wp-content\/uploads\/2024\/05\/440944367_994268742041296_6708813759983051236_n-1-768x1024.jpg\" alt=\"\" class=\"wp-image-1333 size-full\" style=\"object-position:50% 50%\" srcset=\"https:\/\/theatredufil.fr\/wp-content\/uploads\/2024\/05\/440944367_994268742041296_6708813759983051236_n-1-768x1024.jpg 768w, https:\/\/theatredufil.fr\/wp-content\/uploads\/2024\/05\/440944367_994268742041296_6708813759983051236_n-1-225x300.jpg 225w, https:\/\/theatredufil.fr\/wp-content\/uploads\/2024\/05\/440944367_994268742041296_6708813759983051236_n-1.jpg 820w\" sizes=\"auto, (max-width: 768px) 100vw, 768px\" \/><\/a><\/figure><\/div>\n\n\n\n<div style=\"height:20px\" aria-hidden=\"true\" class=\"wp-block-spacer\"><\/div>\n\n\n\n<div class=\"wp-block-media-text has-media-on-the-right is-stacked-on-mobile is-image-fill-element has-border-color has-bg-3-border-color\" style=\"border-width:28px;grid-template-columns:auto 35%\"><div class=\"wp-block-media-text__content\">\n<h2 class=\"wp-block-heading\"><strong><mark style=\"background-color:rgba(0, 0, 0, 0)\" class=\"has-inline-color has-bg-3-color\">PLEXI@INOUT<\/mark><\/strong><\/h2>\n\n\n\n<p><mark style=\"background-color:rgba(0, 0, 0, 0)\" class=\"has-inline-color has-bg-3-color\">Cr\u00e9ation Originale du Th\u00e9\u00e2tre du Fil<\/mark><\/p>\n\n\n\n<p>En 2020, le monde entier est confin\u00e9. Mais cet enfermement g\u00e9n\u00e9ral, a pos\u00e9 question \u00e0 toutes et tous, de l\u2019enfermement en g\u00e9n\u00e9ral. L\u2019\u00eatre humain s\u2019enferme, se ferme, est enferm\u00e9.<\/p>\n\n\n\n<div class=\"wp-block-buttons is-layout-flex wp-block-buttons-is-layout-flex\">\n<div class=\"wp-block-button\"><a class=\"wp-block-button__link wp-element-button\" href=\"https:\/\/theatredufil.fr\/index.php\/plexiinout\/\">Plus d&rsquo;informations ici !<\/a><\/div>\n<\/div>\n\n\n\n<div style=\"height:15px\" aria-hidden=\"true\" class=\"wp-block-spacer\"><\/div>\n<\/div><figure class=\"wp-block-media-text__media\"><a href=\"https:\/\/theatredufil.fr\/index.php\/plexiinout\/\"><img loading=\"lazy\" decoding=\"async\" width=\"1024\" height=\"576\" src=\"http:\/\/theatredufil.fr\/wp-content\/uploads\/2023\/09\/OK-groupe-1024x576.jpg\" alt=\"\" class=\"wp-image-586 size-full\" style=\"object-position:23% 56%\" srcset=\"https:\/\/theatredufil.fr\/wp-content\/uploads\/2023\/09\/OK-groupe-1024x576.jpg 1024w, https:\/\/theatredufil.fr\/wp-content\/uploads\/2023\/09\/OK-groupe-300x169.jpg 300w, https:\/\/theatredufil.fr\/wp-content\/uploads\/2023\/09\/OK-groupe-768x432.jpg 768w, https:\/\/theatredufil.fr\/wp-content\/uploads\/2023\/09\/OK-groupe-1536x864.jpg 1536w, https:\/\/theatredufil.fr\/wp-content\/uploads\/2023\/09\/OK-groupe-2048x1152.jpg 2048w\" sizes=\"auto, (max-width: 1024px) 100vw, 1024px\" \/><\/a><\/figure><\/div>\n\n\n\n<div style=\"height:20px\" aria-hidden=\"true\" class=\"wp-block-spacer\"><\/div>\n\n\n\n<div class=\"wp-block-media-text has-media-on-the-right is-stacked-on-mobile is-image-fill-element has-border-color has-bg-3-border-color\" style=\"border-width:28px;grid-template-columns:auto 35%\"><div class=\"wp-block-media-text__content\">\n<h2 class=\"wp-block-heading\"><strong><mark style=\"background-color:rgba(0, 0, 0, 0)\" class=\"has-inline-color has-bg-3-color\">OTHELLO<\/mark><\/strong><\/h2>\n\n\n\n<p><mark style=\"background-color:rgba(0, 0, 0, 0)\" class=\"has-inline-color has-bg-3-color\">Cr\u00e9ation originale du Th\u00e9\u00e2tre du Fil &#8211; d&rsquo;apr\u00e8s l&rsquo;\u0153uvre de Shakespeare<\/mark><\/p>\n\n\n\n<p>OTHELLO, ne porte pas en lui sa propre trag\u00e9die,<\/p>\n\n\n\n<p>OTHELLO, porte en lui toutes les trag\u00e9dies \u00e0 venir.<\/p>\n\n\n\n<p><\/p>\n\n\n\n<div class=\"wp-block-buttons is-layout-flex wp-block-buttons-is-layout-flex\">\n<div class=\"wp-block-button\"><a class=\"wp-block-button__link wp-element-button\" href=\"https:\/\/theatredufil.fr\/index.php\/othello\/\">Plus d&rsquo;informations ici !<\/a><\/div>\n<\/div>\n\n\n\n<div style=\"height:15px\" aria-hidden=\"true\" class=\"wp-block-spacer\"><\/div>\n<\/div><figure class=\"wp-block-media-text__media\"><img loading=\"lazy\" decoding=\"async\" width=\"1024\" height=\"576\" src=\"http:\/\/theatredufil.fr\/wp-content\/uploads\/2023\/09\/P5070037-2-1024x576.jpg\" alt=\"\" class=\"wp-image-253 size-full\" style=\"object-position:33% 52%\" srcset=\"https:\/\/theatredufil.fr\/wp-content\/uploads\/2023\/09\/P5070037-2-1024x576.jpg 1024w, https:\/\/theatredufil.fr\/wp-content\/uploads\/2023\/09\/P5070037-2-300x169.jpg 300w, https:\/\/theatredufil.fr\/wp-content\/uploads\/2023\/09\/P5070037-2-768x432.jpg 768w, https:\/\/theatredufil.fr\/wp-content\/uploads\/2023\/09\/P5070037-2-1536x864.jpg 1536w, https:\/\/theatredufil.fr\/wp-content\/uploads\/2023\/09\/P5070037-2-2048x1152.jpg 2048w\" sizes=\"auto, (max-width: 1024px) 100vw, 1024px\" \/><\/figure><\/div>\n\n\n\n<div style=\"height:15px\" aria-hidden=\"true\" class=\"wp-block-spacer\"><\/div>\n\n\n\n<div class=\"wp-block-media-text has-media-on-the-right is-stacked-on-mobile is-image-fill-element has-border-color has-bg-3-border-color\" style=\"border-width:28px;grid-template-columns:auto 35%\"><div class=\"wp-block-media-text__content\">\n<h2 class=\"wp-block-heading\"><strong><mark style=\"background-color:rgba(0, 0, 0, 0)\" class=\"has-inline-color has-bg-3-color\">ENTRE-SORS<\/mark><\/strong><\/h2>\n\n\n\n<p><mark style=\"background-color:rgba(0, 0, 0, 0)\" class=\"has-inline-color has-bg-3-color\">Forme th\u00e9\u00e2trale tout terrain, tout public\u00a0<\/mark><\/p>\n\n\n\n<p>Entre-soi sous une tente, loterie th\u00e9\u00e2trale, faites tourner la roue et gagnez une chanson, un po\u00e8me, un extrait de th\u00e9\u00e2tre rien que pour vous.<\/p>\n\n\n\n<div class=\"wp-block-buttons is-layout-flex wp-block-buttons-is-layout-flex\">\n<div class=\"wp-block-button\"><a class=\"wp-block-button__link wp-element-button\" href=\"https:\/\/theatredufil.fr\/index.php\/entre-sors\/\">Plus d&rsquo;informations ici !<\/a><\/div>\n<\/div>\n\n\n\n<div style=\"height:15px\" aria-hidden=\"true\" class=\"wp-block-spacer\"><\/div>\n<\/div><figure class=\"wp-block-media-text__media\"><a href=\"https:\/\/theatredufil.fr\/index.php\/entre-sors\/\"><img loading=\"lazy\" decoding=\"async\" width=\"680\" height=\"1024\" src=\"http:\/\/theatredufil.fr\/wp-content\/uploads\/2024\/10\/DSC_0779-1-680x1024.jpg\" alt=\"\" class=\"wp-image-1610 size-full\" style=\"object-position:57% 36%\" srcset=\"https:\/\/theatredufil.fr\/wp-content\/uploads\/2024\/10\/DSC_0779-1-680x1024.jpg 680w, https:\/\/theatredufil.fr\/wp-content\/uploads\/2024\/10\/DSC_0779-1-199x300.jpg 199w, https:\/\/theatredufil.fr\/wp-content\/uploads\/2024\/10\/DSC_0779-1-768x1156.jpg 768w, https:\/\/theatredufil.fr\/wp-content\/uploads\/2024\/10\/DSC_0779-1-1020x1536.jpg 1020w, https:\/\/theatredufil.fr\/wp-content\/uploads\/2024\/10\/DSC_0779-1-1360x2048.jpg 1360w, https:\/\/theatredufil.fr\/wp-content\/uploads\/2024\/10\/DSC_0779-1-scaled.jpg 1700w\" sizes=\"auto, (max-width: 680px) 100vw, 680px\" \/><\/a><\/figure><\/div>\n\n\n\n<p><\/p>\n","protected":false},"excerpt":{"rendered":"<p>Le Th\u00e9\u00e2tre du Fil d\u00e9fend avant tout&nbsp;un th\u00e9\u00e2tre populaire tourn\u00e9 vers les probl\u00e9matiques soci\u00e9tales contemporaines&nbsp;dans lequelles il est n\u00e9. Textes classiques, contemporains et cr\u00e9ations originales.. &nbsp;Nous venons \u00e0 votre rencontre [&hellip;]<\/p>\n","protected":false},"author":1,"featured_media":0,"parent":0,"menu_order":0,"comment_status":"closed","ping_status":"closed","template":"","meta":{"_EventAllDay":false,"_EventTimezone":"","_EventStartDate":"","_EventEndDate":"","_EventStartDateUTC":"","_EventEndDateUTC":"","_EventShowMap":false,"_EventShowMapLink":false,"_EventURL":"","_EventCost":"","_EventCostDescription":"","_EventCurrencySymbol":"","_EventCurrencyCode":"","_EventCurrencyPosition":"","_EventDateTimeSeparator":"","_EventTimeRangeSeparator":"","_EventOrganizerID":[],"_EventVenueID":[],"_OrganizerEmail":"","_OrganizerPhone":"","_OrganizerWebsite":"","_VenueAddress":"","_VenueCity":"","_VenueCountry":"","_VenueProvince":"","_VenueState":"","_VenueZip":"","_VenuePhone":"","_VenueURL":"","_VenueStateProvince":"","_VenueLat":"","_VenueLng":"","_VenueShowMap":false,"_VenueShowMapLink":false,"footnotes":""},"class_list":["post-2800","page","type-page","status-publish","hentry"],"yoast_head":"<!-- This site is optimized with the Yoast SEO plugin v21.2 - https:\/\/yoast.com\/wordpress\/plugins\/seo\/ -->\n<title>spectacles tout public - Th\u00e9\u00e2tre du Fil<\/title>\n<meta name=\"robots\" content=\"index, follow, max-snippet:-1, max-image-preview:large, max-video-preview:-1\" \/>\n<link rel=\"canonical\" href=\"https:\/\/theatredufil.fr\/index.php\/spectacles-tout-public\/\" \/>\n<meta property=\"og:locale\" content=\"fr_FR\" \/>\n<meta property=\"og:type\" content=\"article\" \/>\n<meta property=\"og:title\" content=\"spectacles tout public - Th\u00e9\u00e2tre du Fil\" \/>\n<meta property=\"og:description\" content=\"Le Th\u00e9\u00e2tre du Fil d\u00e9fend avant tout&nbsp;un th\u00e9\u00e2tre populaire tourn\u00e9 vers les probl\u00e9matiques soci\u00e9tales contemporaines&nbsp;dans lequelles il est n\u00e9. Textes classiques, contemporains et cr\u00e9ations originales.. &nbsp;Nous venons \u00e0 votre rencontre [&hellip;]\" \/>\n<meta property=\"og:url\" content=\"https:\/\/theatredufil.fr\/index.php\/spectacles-tout-public\/\" \/>\n<meta property=\"og:site_name\" content=\"Th\u00e9\u00e2tre du Fil\" \/>\n<meta property=\"article:publisher\" content=\"https:\/\/www.facebook.com\/theatredufil\/?locale=fr_FR\" \/>\n<meta property=\"article:modified_time\" content=\"2025-06-27T11:37:26+00:00\" \/>\n<meta property=\"og:image\" content=\"http:\/\/theatredufil.fr\/wp-content\/uploads\/2024\/09\/0da006d5-8017-4e32-9651-98ec2e7ce40e-1-1024x867.jpg\" \/>\n<meta name=\"twitter:card\" content=\"summary_large_image\" \/>\n<meta name=\"twitter:label1\" content=\"Dur\u00e9e de lecture estim\u00e9e\" \/>\n\t<meta name=\"twitter:data1\" content=\"3 minutes\" \/>\n<script type=\"application\/ld+json\" class=\"yoast-schema-graph\">{\"@context\":\"https:\/\/schema.org\",\"@graph\":[{\"@type\":\"WebPage\",\"@id\":\"https:\/\/theatredufil.fr\/index.php\/spectacles-tout-public\/\",\"url\":\"https:\/\/theatredufil.fr\/index.php\/spectacles-tout-public\/\",\"name\":\"spectacles tout public - Th\u00e9\u00e2tre du Fil\",\"isPartOf\":{\"@id\":\"https:\/\/theatredufil.fr\/#website\"},\"datePublished\":\"2025-06-27T11:20:42+00:00\",\"dateModified\":\"2025-06-27T11:37:26+00:00\",\"breadcrumb\":{\"@id\":\"https:\/\/theatredufil.fr\/index.php\/spectacles-tout-public\/#breadcrumb\"},\"inLanguage\":\"fr-FR\",\"potentialAction\":[{\"@type\":\"ReadAction\",\"target\":[\"https:\/\/theatredufil.fr\/index.php\/spectacles-tout-public\/\"]}]},{\"@type\":\"BreadcrumbList\",\"@id\":\"https:\/\/theatredufil.fr\/index.php\/spectacles-tout-public\/#breadcrumb\",\"itemListElement\":[{\"@type\":\"ListItem\",\"position\":1,\"name\":\"Accueil\",\"item\":\"https:\/\/theatredufil.fr\/\"},{\"@type\":\"ListItem\",\"position\":2,\"name\":\"spectacles tout public\"}]},{\"@type\":\"WebSite\",\"@id\":\"https:\/\/theatredufil.fr\/#website\",\"url\":\"https:\/\/theatredufil.fr\/\",\"name\":\"Th\u00e9\u00e2tre du Fil\",\"description\":\"&quot;La marge fait partie de la page&quot;\",\"publisher\":{\"@id\":\"https:\/\/theatredufil.fr\/#organization\"},\"potentialAction\":[{\"@type\":\"SearchAction\",\"target\":{\"@type\":\"EntryPoint\",\"urlTemplate\":\"https:\/\/theatredufil.fr\/?s={search_term_string}\"},\"query-input\":\"required name=search_term_string\"}],\"inLanguage\":\"fr-FR\"},{\"@type\":\"Organization\",\"@id\":\"https:\/\/theatredufil.fr\/#organization\",\"name\":\"Th\u00e9\u00e2tre du Fil\",\"url\":\"https:\/\/theatredufil.fr\/\",\"logo\":{\"@type\":\"ImageObject\",\"inLanguage\":\"fr-FR\",\"@id\":\"https:\/\/theatredufil.fr\/#\/schema\/logo\/image\/\",\"url\":\"https:\/\/theatredufil.fr\/wp-content\/uploads\/2023\/09\/2022-TDF-PARAY-LOGO-OK.jpg\",\"contentUrl\":\"https:\/\/theatredufil.fr\/wp-content\/uploads\/2023\/09\/2022-TDF-PARAY-LOGO-OK.jpg\",\"width\":482,\"height\":364,\"caption\":\"Th\u00e9\u00e2tre du Fil\"},\"image\":{\"@id\":\"https:\/\/theatredufil.fr\/#\/schema\/logo\/image\/\"},\"sameAs\":[\"https:\/\/www.facebook.com\/theatredufil\/?locale=fr_FR\",\"https:\/\/www.instagram.com\/cietheatredufil\/\"]}]}<\/script>\n<!-- \/ Yoast SEO plugin. -->","yoast_head_json":{"title":"spectacles tout public - Th\u00e9\u00e2tre du Fil","robots":{"index":"index","follow":"follow","max-snippet":"max-snippet:-1","max-image-preview":"max-image-preview:large","max-video-preview":"max-video-preview:-1"},"canonical":"https:\/\/theatredufil.fr\/index.php\/spectacles-tout-public\/","og_locale":"fr_FR","og_type":"article","og_title":"spectacles tout public - Th\u00e9\u00e2tre du Fil","og_description":"Le Th\u00e9\u00e2tre du Fil d\u00e9fend avant tout&nbsp;un th\u00e9\u00e2tre populaire tourn\u00e9 vers les probl\u00e9matiques soci\u00e9tales contemporaines&nbsp;dans lequelles il est n\u00e9. Textes classiques, contemporains et cr\u00e9ations originales.. &nbsp;Nous venons \u00e0 votre rencontre [&hellip;]","og_url":"https:\/\/theatredufil.fr\/index.php\/spectacles-tout-public\/","og_site_name":"Th\u00e9\u00e2tre du Fil","article_publisher":"https:\/\/www.facebook.com\/theatredufil\/?locale=fr_FR","article_modified_time":"2025-06-27T11:37:26+00:00","og_image":[{"url":"http:\/\/theatredufil.fr\/wp-content\/uploads\/2024\/09\/0da006d5-8017-4e32-9651-98ec2e7ce40e-1-1024x867.jpg"}],"twitter_card":"summary_large_image","twitter_misc":{"Dur\u00e9e de lecture estim\u00e9e":"3 minutes"},"schema":{"@context":"https:\/\/schema.org","@graph":[{"@type":"WebPage","@id":"https:\/\/theatredufil.fr\/index.php\/spectacles-tout-public\/","url":"https:\/\/theatredufil.fr\/index.php\/spectacles-tout-public\/","name":"spectacles tout public - Th\u00e9\u00e2tre du Fil","isPartOf":{"@id":"https:\/\/theatredufil.fr\/#website"},"datePublished":"2025-06-27T11:20:42+00:00","dateModified":"2025-06-27T11:37:26+00:00","breadcrumb":{"@id":"https:\/\/theatredufil.fr\/index.php\/spectacles-tout-public\/#breadcrumb"},"inLanguage":"fr-FR","potentialAction":[{"@type":"ReadAction","target":["https:\/\/theatredufil.fr\/index.php\/spectacles-tout-public\/"]}]},{"@type":"BreadcrumbList","@id":"https:\/\/theatredufil.fr\/index.php\/spectacles-tout-public\/#breadcrumb","itemListElement":[{"@type":"ListItem","position":1,"name":"Accueil","item":"https:\/\/theatredufil.fr\/"},{"@type":"ListItem","position":2,"name":"spectacles tout public"}]},{"@type":"WebSite","@id":"https:\/\/theatredufil.fr\/#website","url":"https:\/\/theatredufil.fr\/","name":"Th\u00e9\u00e2tre du Fil","description":"&quot;La marge fait partie de la page&quot;","publisher":{"@id":"https:\/\/theatredufil.fr\/#organization"},"potentialAction":[{"@type":"SearchAction","target":{"@type":"EntryPoint","urlTemplate":"https:\/\/theatredufil.fr\/?s={search_term_string}"},"query-input":"required name=search_term_string"}],"inLanguage":"fr-FR"},{"@type":"Organization","@id":"https:\/\/theatredufil.fr\/#organization","name":"Th\u00e9\u00e2tre du Fil","url":"https:\/\/theatredufil.fr\/","logo":{"@type":"ImageObject","inLanguage":"fr-FR","@id":"https:\/\/theatredufil.fr\/#\/schema\/logo\/image\/","url":"https:\/\/theatredufil.fr\/wp-content\/uploads\/2023\/09\/2022-TDF-PARAY-LOGO-OK.jpg","contentUrl":"https:\/\/theatredufil.fr\/wp-content\/uploads\/2023\/09\/2022-TDF-PARAY-LOGO-OK.jpg","width":482,"height":364,"caption":"Th\u00e9\u00e2tre du Fil"},"image":{"@id":"https:\/\/theatredufil.fr\/#\/schema\/logo\/image\/"},"sameAs":["https:\/\/www.facebook.com\/theatredufil\/?locale=fr_FR","https:\/\/www.instagram.com\/cietheatredufil\/"]}]}},"_links":{"self":[{"href":"https:\/\/theatredufil.fr\/index.php\/wp-json\/wp\/v2\/pages\/2800","targetHints":{"allow":["GET"]}}],"collection":[{"href":"https:\/\/theatredufil.fr\/index.php\/wp-json\/wp\/v2\/pages"}],"about":[{"href":"https:\/\/theatredufil.fr\/index.php\/wp-json\/wp\/v2\/types\/page"}],"author":[{"embeddable":true,"href":"https:\/\/theatredufil.fr\/index.php\/wp-json\/wp\/v2\/users\/1"}],"replies":[{"embeddable":true,"href":"https:\/\/theatredufil.fr\/index.php\/wp-json\/wp\/v2\/comments?post=2800"}],"version-history":[{"count":23,"href":"https:\/\/theatredufil.fr\/index.php\/wp-json\/wp\/v2\/pages\/2800\/revisions"}],"predecessor-version":[{"id":2827,"href":"https:\/\/theatredufil.fr\/index.php\/wp-json\/wp\/v2\/pages\/2800\/revisions\/2827"}],"wp:attachment":[{"href":"https:\/\/theatredufil.fr\/index.php\/wp-json\/wp\/v2\/media?parent=2800"}],"curies":[{"name":"wp","href":"https:\/\/api.w.org\/{rel}","templated":true}]}}